he highest common divisor of x and 2.
2
Suppose -2*q - 20 = -7*q. Suppose 366 = -q*r + 1202. What is the highest common divisor of r and 19?
19
Suppose -x = 2*x - 480. Let b be ((-6)/15)/((-2)/160). Calculate the greatest common factor of b and x.
32
Let o be (33/(-9))/(2/(-12)). Suppose d - o = 5. Let c be (4/6)/((-18)/(-81)). What is the highest common divisor of c and d?
3
Suppose 0 = 20*c - 40*c + 3780. Let a = -26 - -47. Calculate the greatest common factor of a and c.
21
Suppose 0*h = -4*h + 20. Suppose 4*r + 0*r = -4*m + 28, -h*m + 35 = -3*r. Suppose m = -4*d + 67. Calculate the highest common divisor of d and 5.
5
Let o be (-4)/(-14) - 108/(-14). Suppose -a - 4*q + o = 0, 4 = a - q + 21. Let i = a + 20. What is the greatest common divisor of i and 40?
8
Let s(r) = 4*r**2 - 22*r + 6. Let c be s(6). What is the highest common factor of 27 and c?
9
Let k = -22 - -22. Suppose 0 = -3*r - k + 36. Suppose 3*c + 3*s = 54, 5*c - 5*s - 36 = 3*c. What is the greatest common divisor of r and c?
6
Let g = -86 + 190. Calculate the greatest common divisor of 13 and g.
13
Let f(l) = -4*l**3 + l**2 - 2*l. Let u be f(-2). Let z = -1 + 1. Suppose z = -2*k - 2*k + 40. Calculate the greatest common factor of u and k.
10
Suppose -z - b + 2*b = -54, -b + 236 = 4*z. What is the highest common factor of z and 145?
29
Suppose 4*d - 3*j + 151 = 0, 3*d = -d - 5*j - 111. Let z = d - -76. Suppose 3*w = -18*w + 588. Calculate the highest common divisor of z and w.
14
Let f be 1*5*(-4)/(-10). Suppose -f*i + r - 8 = 3*i, -4*r + 17 = -5*i. Let j = 34 + i. Calculate the highest common factor of j and 3.
3
Let g be (-3 + -1)/((-2)/5). Let h = 210 + -130. What is the highest common divisor of h and g?
10
Suppose -3 = 2*o + 3. Let s(f) = -7*f + 3. Let m be s(o). What is the greatest common divisor of 60 and m?
12
Let x be (92/28 - 3) + (-192)/(-14). Suppose p = -3*p + 56. What is the highest common factor of x and p?
14
Suppose 3*x + 737 = 3*y + 32, y = 2*x + 240. Calculate the highest common factor of y and 23.
23
Let d = 104 - 71. What is the greatest common factor of d and 44?
11
Let m(x) = 12*x - 26. Let c be m(4). What is the greatest common factor of c and 11?
11
Let i = 16 - -13. Let j = i - 14. What is the greatest common factor of 60 and j?
15
Suppose -2 - 1 = -t. Suppose t*j + 3 = 0, -g + 2*j = 6*j - 62. Let b(u) = -2*u - 3. Let a be b(-7). Calculate the highest common factor of a and g.
11
Let r be (-1)/2*26/(-13). What is the greatest common factor of r and 8?
1
Let o = -92 - -55. Let a = 80 - o. Let r(t) = -t**3 - 5*t**2 - 3*t - 2. Let b be r(-5). What is the highest common divisor of b and a?
13
Suppose -33 = 2*m + 121. Let f be (-1*2)/(2/m). Suppose 3*b - 3*n - 38 = -b, 3*b - 37 = -2*n. Calculate the highest common factor of b and f.
11
Let a(g) = g**3 + 29*g**2 - 32*g + 12. Let r be a(-30). Let q(n) = -3 + 0*n - 5*n + n. Let y be q(-3). Calculate the highest common factor of y and r.
9
Let j = 28 - 15. What is the greatest common divisor of 143 and j?
13
Suppose -v - 12 = -3*v. Let z be (-3)/v - 63/6. Let p = 18 + z. What is the highest common factor of 14 and p?
7
Let k(u) = 3*u**2 + 7*u. Let t be k(-5). Suppose -x + 50 = -6*x. Let h = -5 - x. Calculate the highest common divisor of t and h.
5
Let y = 33 + -7. What is the highest common divisor of 52 and y?
26
Let i(g) = g**2 + 3*g - 7. Let p be (-1)/4 + (-57)/12. Let q be i(p). Let x(f) = 36*f - 4. Let t be x(q). Calculate the greatest common factor of t and 13.
13
Suppose 108 = -0*j - 3*j. Let i = -12 - j. Calculate the highest common divisor of 12 and i.
12
Suppose -4*g + 231 = -9. Calculate the greatest common factor of g and 20.
20
Suppose -4*t + 16 = -3*d, -5*t - 20 = 5*d - 10*t. Suppose 4*q - 504 = -0*q - 3*p, d = -4*q + 4*p + 504. What is the greatest common divisor of q and 14?
14
Suppose -2*c - 3*f = -3*c + 67, 0 = -2*c - f + 141. What is the greatest common divisor of c and 14?
14
Let p(o) = -15*o + 1. Let j be p(-1). Let a = -3 - -5. Suppose -5*f = -c - 19, -c + 4*f - j = -a. Calculate the greatest common divisor of c and 1.
1
Suppose -2*h + 0*h - 2 = 0, 5*a - 5*h - 25 = 0. Suppose t = 2*x + 17 + 85, 5*t + a*x = 524. Calculate the greatest common divisor of 13 and t.
13
Suppose 2*o + 2*o - 42 = -2*f, 2*f - 26 = -2*o. Calculate the greatest common divisor of o and 12.
4
Suppose 0*i = -4*i + 52. What is the highest common factor of 104 and i?
13
Let w(l) = -l**3 - 7*l**2 - 5*l + 7. Let m be w(-6). Let s be 130/(-35) + (-2)/7. Let j be (-2)/s*(m + 5). What is the greatest common divisor of 15 and j?
3
Let s(m) = 3. Let j(a) = a - 4. Let d(w) = 4*j(w) + 3*s(w). Let r be d(5). Calculate the highest common divisor of r and 39.
13
Let h be (3 + -1)/((-8)/(-92)). What is the highest common divisor of 230 and h?
23
Suppose 0 = -3*r - r + 148. What is the greatest common divisor of 148 and r?
37
Suppose 14*n - 60 = 12*n. Calculate the greatest common divisor of 330 and n.
30
Let a(i) = -i**3 - 6*i**2 - 3*i - 6. Let g be a(-6). What is the highest common divisor of g and 36?
12
Let a be 5/1 - 1/(-1). Suppose 2*x + a = f + 7*x, 3*x + 3 = 0. What is the greatest common factor of 121 and f?
11
Suppose 0 = -4*c - 0*p - 5*p + 311, -p = 2*c - 151. Let f = c - 35. Suppose 3*v = 4*t - 37, t + 4*v = 2*v + 23. What is the greatest common factor of f and t?
13
Let y(w) = w**3 + 6*w**2 - 2*w. Suppose v - 4*v - 15 = 0. Let k be y(v). What is the greatest common divisor of k and 14?
7
Suppose -3*g - 46 = -0*d - 4*d, -5*d + 48 = g. Suppose -9*j + 524 = -106. Calculate the greatest common divisor of d and j.
10
Let c be (19 + -4)/(2/2). Calculate the highest common factor of c and 165.
15
Suppose -5*u - 26 = o, 3*u + 4*o + 2 = -0*o. Let q = u - -15. What is the highest common factor of q and 27?
9
Let q = -8 - -10. Let o = 7 - q. Suppose -o = -2*r + 15. Calculate the highest common divisor of r and 30.
10
Suppose 10*w - 7*w + 30 = 0. Let p(l) be the second derivative of -l**3/6 + 2*l**2 + l. Let a be p(w). Calculate the greatest common factor of 126 and a.
14
Suppose -4*v + 150 = v. Calculate the highest common factor of 45 and v.
15
Suppose 0 = 4*q - 78 - 22. Calculate the greatest common divisor of 225 and q.
25
Suppose 0 = 2*f - 21 - 19. What is the highest common divisor of f and 140?
20
Suppose -60 = -2*l - 4*s, 0*l - 2*s - 26 = -l. Calculate the greatest common divisor of l and 28.
28
Suppose -649 = -8*r - 145. What is the highest common divisor of r and 42?
21
Let u be 0/(0 + -1) + 12. Suppose 3*x = 2*m + 6*x + 41, -95 = 5*m + 5*x. Let o be 20/m*(-26 - -2). Calculate the highest common divisor of u and o.
6
Let d(m) = 5*m**2 - 7*m + 7. Let i be d(3). Calculate the highest common divisor of 217 and i.
31
Suppose 2*a = -3*h + a - 485, 2*h + 335 = -3*a. Let j be (h/12)/((-1)/3). What is the greatest common divisor of j and 100?
20
Suppose 3*j + 7 = p, 5*p - 3*j = 2*p + 21. Calculate the highest common divisor of 7 and p.
7
Suppose -j = -3*q + 11, 5*q - 16 = -0*q + 4*j. Let k = 1 + q. Suppose 0 = -k*n + 3*l + 2*l + 150, -n = 3*l - 22. What is the highest common factor of n and 70?
14
Let s = 0 - -5. Suppose q + 2*q = -l + s, -3*q = 3*l - 3. Suppose -5*o + n + 10 = 0, n + 2 = -q*o - 1. Calculate the highest common factor of 7 and o.
1
Let q be -5 - -3 - (-1 + 0). Let u(t) = -8*t + 1. Let h be u(q). Calculate the greatest common factor of h and 81.
9
Let r be 5/(-3)*36/(-30). Calculate the highest common factor of r and 5.
1
Suppose -23 = -i - 13. Let b(x) = x**2 + x - 5. Let f be b(4). Calculate the highest common divisor of f and i.
5
Suppose 395 = 3*z + 5*v, 2*z + 4*v = 87 + 173. Calculate the greatest common factor of 56 and z.
28
Let f be ((-8)/(-20))/((-2)/(-880)). What is the highest common factor of 22 and f?
22
Let y = 23 - 16. Let b be -5*(-2 - -4 - 3). Suppose 3*s = -5*u + 233, u + 0*s = -b*s + 29. Calculate the greatest common factor of u and y.
7
Suppose 150 = 10*j - 300. Calculate the highest common factor of j and 5.
5
Let g(i) = -8*i - 3. Let t(a) = -7*a - 3. Let j(b) = -2*g(b) + 3*t(b). Suppose -8 = 2*l + 2*l. Let o be j(l). What is the greatest common divisor of o and 7?
7
Suppose 7 - 15 = -r. Let q = r - 9. Let g be (-28)/(-3) - q/(-3). Calculate the highest common divisor of 81 and g.
9
Let q = 